{"id":22057,"date":"2026-04-16T23:59:48","date_gmt":"2026-04-16T21:59:48","guid":{"rendered":"https:\/\/promoelectrofrance.com\/?post_type=product&#038;p=22057"},"modified":"2026-04-17T00:02:54","modified_gmt":"2026-04-16T22:02:54","slug":"lave-linge-sechant-lg-f164r33wrs-10-kg-blanc","status":"publish","type":"product","link":"https:\/\/promoelectrofrance.com\/?product=lave-linge-sechant-lg-f164r33wrs-10-kg-blanc","title":{"rendered":"Lave-linge s\u00e9chant LG F164R33WRS 10 Kg Blanc"},"content":{"rendered":"<table>\n<thead>\n<tr>\n<th><strong>Cat\u00e9gorie<\/strong><\/th>\n<th><strong>Caract\u00e9ristiques<\/strong><\/th>\n<\/tr>\n<\/thead>\n<tbody>\n<tr>\n<td><strong>Coloris<\/strong><\/td>\n<td>Blanc<\/td>\n<\/tr>\n<tr>\n<td><strong>Type de pose<\/strong><\/td>\n<td>Pose libre<\/td>\n<\/tr>\n<tr>\n<td><strong>Capacit\u00e9 de lavage<\/strong><\/td>\n<td>10 kg<\/td>\n<\/tr>\n<tr>\n<td><strong>Capacit\u00e9 de s\u00e9chage<\/strong><\/td>\n<td>6 kg<\/td>\n<\/tr>\n<tr>\n<td><strong>Vitesse d\u2019essorage<\/strong><\/td>\n<td>1 400 tours\/min<\/td>\n<\/tr>\n<tr>\n<td><strong>Programme de lavage<\/strong><\/td>\n<td>AI Wash, Coton, Eco 40-60, Mix 40\u00b0C, Synth\u00e9tiques, Anti-allergie (vapeur), D\u00e9licat, Rapide coton, Rapide 14, Rin\u00e7age + Essorage<\/td>\n<\/tr>\n<tr>\n<td><strong>Programme de s\u00e9chage<\/strong><\/td>\n<td>Lavage + S\u00e9chage, S\u00e9chage seul (Normal, Pr\u00eat \u00e0 repasser, Basse temp\u00e9rature, \u00c9co)<\/td>\n<\/tr>\n<tr>\n<td><strong>Programmes secondaires<\/strong><\/td>\n<td>Nettoyage de la cuve, Essorage seul<\/td>\n<\/tr>\n<tr>\n<td><strong>Fonctionnalit\u00e9s de l\u2019appareil<\/strong><\/td>\n<td>Affichage du temps restant, Fin diff\u00e9r\u00e9e (3h \u00e0 19h)<\/td>\n<\/tr>\n<tr>\n<td><strong>Options suppl\u00e9mentaires<\/strong><\/td>\n<td>Pr\u00e9lavage, Rin\u00e7age +<\/td>\n<\/tr>\n<tr>\n<td><strong>Dosage automatique<\/strong><\/td>\n<td>Non<\/td>\n<\/tr>\n<tr>\n<td><strong>Niveau sonore<\/strong><\/td>\n<td>71 dB<\/td>\n<\/tr>\n<tr>\n<td><strong>Connect\u00e9<\/strong><\/td>\n<td>Oui<\/td>\n<\/tr>\n<tr>\n<td><strong>Type de moteur<\/strong><\/td>\n<td>Induction AI Direct Drive<\/td>\n<\/tr>\n<tr>\n<td><strong>Qualit\u00e9 de lavage<\/strong><\/td>\n<td>A<\/td>\n<\/tr>\n<tr>\n<td><strong>Qualit\u00e9 d\u2019essorage<\/strong><\/td>\n<td>A<\/td>\n<\/tr>\n<tr>\n<td><strong>Classe \u00e9nerg\u00e9tique (lavage + s\u00e9chage)<\/strong><\/td>\n<td>D<\/td>\n<\/tr>\n<tr>\n<td><strong>Cat\u00e9gorie de niveau sonore<\/strong><\/td>\n<td>A<\/td>\n<\/tr>\n<tr>\n<td><strong>Consommation d\u2019eau par cycle<\/strong><\/td>\n<td>52 litres<\/td>\n<\/tr>\n<tr>\n<td><strong>Consommation d\u2019\u00e9nergie sur 100 cycles \u2013 lavage<\/strong><\/td>\n<td>47 kWh<\/td>\n<\/tr>\n<tr>\n<td><strong>Consommation d\u2019\u00e9nergie sur 100 cycles \u2013 lavage + s\u00e9chage<\/strong><\/td>\n<td>308 kWh<\/td>\n<\/tr>\n<tr>\n<td><strong>Dur\u00e9e du programme \u00e9co \u2013 lavage<\/strong><\/td>\n<td>239 minutes<\/td>\n<\/tr>\n<tr>\n<td><strong>Dur\u00e9e du programme \u00e9co \u2013 lavage + s\u00e9chage<\/strong><\/td>\n<td>455 minutes<\/td>\n<\/tr>\n<tr>\n<td><strong>Bandeau de commande<\/strong><\/td>\n<td>LED tactile<\/td>\n<\/tr>\n<tr>\n<td><strong>S\u00e9curit\u00e9<\/strong><\/td>\n<td>Verrouillage enfant<\/td>\n<\/tr>\n<tr>\n<td><strong>Dimensions (HxLxP)<\/strong><\/td>\n<td>85 \u00d7 60 \u00d7 62 cm<\/td>\n<\/tr>\n<tr>\n<td><strong>Poids<\/strong><\/td>\n<td>73 kg<\/td>\n<\/tr>\n<tr>\n<td><strong>Garantie d\u2019origine<\/strong><\/td>\n<td>2 ans<\/td>\n<\/tr>\n<tr>\n<td><strong>Origine de fabrication<\/strong><\/td>\n<td>Fabriqu\u00e9 hors Europe<\/td>\n<\/tr>\n<\/tbody>\n<\/table>\n","protected":false},"excerpt":{"rendered":"<ul>\n<li data-start=\"1750\" data-end=\"1840\">\n<p data-start=\"1753\" data-end=\"1840\"><strong data-start=\"1753\" data-end=\"1781\">Grande capacit\u00e9 de 10 kg<\/strong> de lavage et 6 kg de s\u00e9chage \u2014 id\u00e9ale pour les familles.<\/p>\n<\/li>\n<li data-start=\"1841\" data-end=\"1924\">\n<p data-start=\"1844\" data-end=\"1924\"><strong data-start=\"1844\" data-end=\"1870\">Moteur AI Direct Drive<\/strong> : technologie intelligente, durable et silencieuse.<\/p>\n<\/li>\n<li data-start=\"1925\" data-end=\"1998\">\n<p data-start=\"1928\" data-end=\"1998\"><strong data-start=\"1928\" data-end=\"1960\">Programmes vapeur et AI Wash<\/strong> pour un linge propre et hygi\u00e9nique.<\/p>\n<\/li>\n<li data-start=\"1999\" data-end=\"2076\">\n<p data-start=\"2002\" data-end=\"2076\"><strong data-start=\"2002\" data-end=\"2036\">Fonction connect\u00e9e SmartThinQ\u2122<\/strong> pour un contr\u00f4le \u00e0 distance pratique.<\/p>\n<\/li>\n<li data-start=\"2077\" data-end=\"2140\">\n<p data-start=\"2080\" data-end=\"2140\"><strong data-start=\"2080\" data-end=\"2106\">Commandes LED tactiles<\/strong> modernes et simples \u00e0 utiliser.<\/p>\n<\/li>\n<li data-start=\"2141\" data-end=\"2228\">\n<p data-start=\"2144\" data-end=\"2228\"><strong data-start=\"2144\" data-end=\"2192\">Efficacit\u00e9 de lavage et d\u2019essorage class\u00e9e A<\/strong>, pour des performances optimales.<\/p>\n<\/li>\n<\/ul>\n","protected":false},"featured_media":22197,"comment_status":"open","ping_status":"closed","template":"","meta":[],"product_brand":[],"product_cat":[209,222,232],"product_tag":[],"class_list":{"0":"post-22057","1":"product","2":"type-product","3":"status-publish","4":"has-post-thumbnail","6":"product_cat-electromenager","7":"product_cat-lave-linge","8":"product_cat-lave-linge-sechant","11":"first","12":"instock","13":"shipping-taxable","14":"purchasable","15":"product-type-simple"},"yoast_head":"<!-- This site is optimized with the Yoast SEO plugin v27.3 - https:\/\/yoast.com\/product\/yoast-seo-wordpress\/ -->\n<title>Lave-linge s\u00e9chant LG F164R33WRS 10 Kg Blanc - Promo Electro France<\/title>\n<meta name=\"robots\" content=\"index, follow, max-snippet:-1, max-image-preview:large, max-video-preview:-1\" \/>\n<link rel=\"canonical\" href=\"https:\/\/promoelectrofrance.com\/?product=lave-linge-sechant-lg-f164r33wrs-10-kg-blanc\" \/>\n<meta property=\"og:locale\" content=\"fr_FR\" \/>\n<meta property=\"og:type\" content=\"article\" \/>\n<meta property=\"og:title\" content=\"Lave-linge s\u00e9chant LG F164R33WRS 10 Kg Blanc - Promo Electro France\" \/>\n<meta property=\"og:description\" content=\"Grande capacit\u00e9 de 10 kg de lavage et 6 kg de s\u00e9chage \u2014 id\u00e9ale pour les familles.    Moteur AI Direct Drive : technologie intelligente, durable et silencieuse.    Programmes vapeur et AI Wash pour un linge propre et hygi\u00e9nique.    Fonction connect\u00e9e SmartThinQ\u2122 pour un contr\u00f4le \u00e0 distance pratique.    Commandes LED tactiles modernes et simples \u00e0 utiliser.    Efficacit\u00e9 de lavage et d\u2019essorage class\u00e9e A, pour des performances optimales.\" \/>\n<meta property=\"og:url\" content=\"https:\/\/promoelectrofrance.com\/?product=lave-linge-sechant-lg-f164r33wrs-10-kg-blanc\" \/>\n<meta property=\"og:site_name\" content=\"Promo Electro France\" \/>\n<meta property=\"article:modified_time\" content=\"2026-04-16T22:02:54+00:00\" \/>\n<meta name=\"twitter:card\" content=\"summary_large_image\" \/>\n<meta name=\"twitter:label1\" content=\"Dur\u00e9e de lecture estim\u00e9e\" \/>\n\t<meta name=\"twitter:data1\" content=\"1 minute\" \/>\n<script type=\"application\/ld+json\" class=\"yoast-schema-graph\">{\"@context\":\"https:\\\/\\\/schema.org\",\"@graph\":[{\"@type\":\"WebPage\",\"@id\":\"https:\\\/\\\/promoelectrofrance.com\\\/?product=lave-linge-sechant-lg-f164r33wrs-10-kg-blanc\",\"url\":\"https:\\\/\\\/promoelectrofrance.com\\\/?product=lave-linge-sechant-lg-f164r33wrs-10-kg-blanc\",\"name\":\"Lave-linge s\u00e9chant LG F164R33WRS 10 Kg Blanc - Promo Electro France\",\"isPartOf\":{\"@id\":\"https:\\\/\\\/promoelectrofrance.com\\\/#website\"},\"primaryImageOfPage\":{\"@id\":\"https:\\\/\\\/promoelectrofrance.com\\\/?product=lave-linge-sechant-lg-f164r33wrs-10-kg-blanc#primaryimage\"},\"image\":{\"@id\":\"https:\\\/\\\/promoelectrofrance.com\\\/?product=lave-linge-sechant-lg-f164r33wrs-10-kg-blanc#primaryimage\"},\"thumbnailUrl\":\"https:\\\/\\\/promoelectrofrance.com\\\/wp-content\\\/uploads\\\/2026\\\/04\\\/Lave-linge-sechant-LG-10-Kg-Blanc-1.jpg\",\"datePublished\":\"2026-04-16T21:59:48+00:00\",\"dateModified\":\"2026-04-16T22:02:54+00:00\",\"breadcrumb\":{\"@id\":\"https:\\\/\\\/promoelectrofrance.com\\\/?product=lave-linge-sechant-lg-f164r33wrs-10-kg-blanc#breadcrumb\"},\"inLanguage\":\"fr-FR\",\"potentialAction\":[{\"@type\":\"ReadAction\",\"target\":[\"https:\\\/\\\/promoelectrofrance.com\\\/?product=lave-linge-sechant-lg-f164r33wrs-10-kg-blanc\"]}]},{\"@type\":\"ImageObject\",\"inLanguage\":\"fr-FR\",\"@id\":\"https:\\\/\\\/promoelectrofrance.com\\\/?product=lave-linge-sechant-lg-f164r33wrs-10-kg-blanc#primaryimage\",\"url\":\"https:\\\/\\\/promoelectrofrance.com\\\/wp-content\\\/uploads\\\/2026\\\/04\\\/Lave-linge-sechant-LG-10-Kg-Blanc-1.jpg\",\"contentUrl\":\"https:\\\/\\\/promoelectrofrance.com\\\/wp-content\\\/uploads\\\/2026\\\/04\\\/Lave-linge-sechant-LG-10-Kg-Blanc-1.jpg\",\"width\":500,\"height\":500},{\"@type\":\"BreadcrumbList\",\"@id\":\"https:\\\/\\\/promoelectrofrance.com\\\/?product=lave-linge-sechant-lg-f164r33wrs-10-kg-blanc#breadcrumb\",\"itemListElement\":[{\"@type\":\"ListItem\",\"position\":1,\"name\":\"Accueil\",\"item\":\"https:\\\/\\\/promoelectrofrance.com\\\/\"},{\"@type\":\"ListItem\",\"position\":2,\"name\":\"Boutique\",\"item\":\"https:\\\/\\\/promoelectrofrance.com\\\/?page_id=8\"},{\"@type\":\"ListItem\",\"position\":3,\"name\":\"Lave-linge s\u00e9chant LG F164R33WRS 10 Kg Blanc\"}]},{\"@type\":\"WebSite\",\"@id\":\"https:\\\/\\\/promoelectrofrance.com\\\/#website\",\"url\":\"https:\\\/\\\/promoelectrofrance.com\\\/\",\"name\":\"Promo Electro France\",\"description\":\"\",\"potentialAction\":[{\"@type\":\"SearchAction\",\"target\":{\"@type\":\"EntryPoint\",\"urlTemplate\":\"https:\\\/\\\/promoelectrofrance.com\\\/?s={search_term_string}\"},\"query-input\":{\"@type\":\"PropertyValueSpecification\",\"valueRequired\":true,\"valueName\":\"search_term_string\"}}],\"inLanguage\":\"fr-FR\"}]}<\/script>\n<!-- \/ Yoast SEO plugin. -->","yoast_head_json":{"title":"Lave-linge s\u00e9chant LG F164R33WRS 10 Kg Blanc - Promo Electro France","robots":{"index":"index","follow":"follow","max-snippet":"max-snippet:-1","max-image-preview":"max-image-preview:large","max-video-preview":"max-video-preview:-1"},"canonical":"https:\/\/promoelectrofrance.com\/?product=lave-linge-sechant-lg-f164r33wrs-10-kg-blanc","og_locale":"fr_FR","og_type":"article","og_title":"Lave-linge s\u00e9chant LG F164R33WRS 10 Kg Blanc - Promo Electro France","og_description":"Grande capacit\u00e9 de 10 kg de lavage et 6 kg de s\u00e9chage \u2014 id\u00e9ale pour les familles.    Moteur AI Direct Drive : technologie intelligente, durable et silencieuse.    Programmes vapeur et AI Wash pour un linge propre et hygi\u00e9nique.    Fonction connect\u00e9e SmartThinQ\u2122 pour un contr\u00f4le \u00e0 distance pratique.    Commandes LED tactiles modernes et simples \u00e0 utiliser.    Efficacit\u00e9 de lavage et d\u2019essorage class\u00e9e A, pour des performances optimales.","og_url":"https:\/\/promoelectrofrance.com\/?product=lave-linge-sechant-lg-f164r33wrs-10-kg-blanc","og_site_name":"Promo Electro France","article_modified_time":"2026-04-16T22:02:54+00:00","twitter_card":"summary_large_image","twitter_misc":{"Dur\u00e9e de lecture estim\u00e9e":"1 minute"},"schema":{"@context":"https:\/\/schema.org","@graph":[{"@type":"WebPage","@id":"https:\/\/promoelectrofrance.com\/?product=lave-linge-sechant-lg-f164r33wrs-10-kg-blanc","url":"https:\/\/promoelectrofrance.com\/?product=lave-linge-sechant-lg-f164r33wrs-10-kg-blanc","name":"Lave-linge s\u00e9chant LG F164R33WRS 10 Kg Blanc - Promo Electro France","isPartOf":{"@id":"https:\/\/promoelectrofrance.com\/#website"},"primaryImageOfPage":{"@id":"https:\/\/promoelectrofrance.com\/?product=lave-linge-sechant-lg-f164r33wrs-10-kg-blanc#primaryimage"},"image":{"@id":"https:\/\/promoelectrofrance.com\/?product=lave-linge-sechant-lg-f164r33wrs-10-kg-blanc#primaryimage"},"thumbnailUrl":"https:\/\/promoelectrofrance.com\/wp-content\/uploads\/2026\/04\/Lave-linge-sechant-LG-10-Kg-Blanc-1.jpg","datePublished":"2026-04-16T21:59:48+00:00","dateModified":"2026-04-16T22:02:54+00:00","breadcrumb":{"@id":"https:\/\/promoelectrofrance.com\/?product=lave-linge-sechant-lg-f164r33wrs-10-kg-blanc#breadcrumb"},"inLanguage":"fr-FR","potentialAction":[{"@type":"ReadAction","target":["https:\/\/promoelectrofrance.com\/?product=lave-linge-sechant-lg-f164r33wrs-10-kg-blanc"]}]},{"@type":"ImageObject","inLanguage":"fr-FR","@id":"https:\/\/promoelectrofrance.com\/?product=lave-linge-sechant-lg-f164r33wrs-10-kg-blanc#primaryimage","url":"https:\/\/promoelectrofrance.com\/wp-content\/uploads\/2026\/04\/Lave-linge-sechant-LG-10-Kg-Blanc-1.jpg","contentUrl":"https:\/\/promoelectrofrance.com\/wp-content\/uploads\/2026\/04\/Lave-linge-sechant-LG-10-Kg-Blanc-1.jpg","width":500,"height":500},{"@type":"BreadcrumbList","@id":"https:\/\/promoelectrofrance.com\/?product=lave-linge-sechant-lg-f164r33wrs-10-kg-blanc#breadcrumb","itemListElement":[{"@type":"ListItem","position":1,"name":"Accueil","item":"https:\/\/promoelectrofrance.com\/"},{"@type":"ListItem","position":2,"name":"Boutique","item":"https:\/\/promoelectrofrance.com\/?page_id=8"},{"@type":"ListItem","position":3,"name":"Lave-linge s\u00e9chant LG F164R33WRS 10 Kg Blanc"}]},{"@type":"WebSite","@id":"https:\/\/promoelectrofrance.com\/#website","url":"https:\/\/promoelectrofrance.com\/","name":"Promo Electro France","description":"","potentialAction":[{"@type":"SearchAction","target":{"@type":"EntryPoint","urlTemplate":"https:\/\/promoelectrofrance.com\/?s={search_term_string}"},"query-input":{"@type":"PropertyValueSpecification","valueRequired":true,"valueName":"search_term_string"}}],"inLanguage":"fr-FR"}]}},"_links":{"self":[{"href":"https:\/\/promoelectrofrance.com\/index.php?rest_route=\/wp\/v2\/product\/22057","targetHints":{"allow":["GET"]}}],"collection":[{"href":"https:\/\/promoelectrofrance.com\/index.php?rest_route=\/wp\/v2\/product"}],"about":[{"href":"https:\/\/promoelectrofrance.com\/index.php?rest_route=\/wp\/v2\/types\/product"}],"replies":[{"embeddable":true,"href":"https:\/\/promoelectrofrance.com\/index.php?rest_route=%2Fwp%2Fv2%2Fcomments&post=22057"}],"version-history":[{"count":0,"href":"https:\/\/promoelectrofrance.com\/index.php?rest_route=\/wp\/v2\/product\/22057\/revisions"}],"wp:featuredmedia":[{"embeddable":true,"href":"https:\/\/promoelectrofrance.com\/index.php?rest_route=\/wp\/v2\/media\/22197"}],"wp:attachment":[{"href":"https:\/\/promoelectrofrance.com\/index.php?rest_route=%2Fwp%2Fv2%2Fmedia&parent=22057"}],"wp:term":[{"taxonomy":"product_brand","embeddable":true,"href":"https:\/\/promoelectrofrance.com\/index.php?rest_route=%2Fwp%2Fv2%2Fproduct_brand&post=22057"},{"taxonomy":"product_cat","embeddable":true,"href":"https:\/\/promoelectrofrance.com\/index.php?rest_route=%2Fwp%2Fv2%2Fproduct_cat&post=22057"},{"taxonomy":"product_tag","embeddable":true,"href":"https:\/\/promoelectrofrance.com\/index.php?rest_route=%2Fwp%2Fv2%2Fproduct_tag&post=22057"}],"curies":[{"name":"wp","href":"https:\/\/api.w.org\/{rel}","templated":true}]}}